s(3).
-5
Let k(d) be the second derivative of d**6/720 - d**5/120 - d**4/12 + d. Let c(s) be the third derivative of k(s). Let g = 24 + -21. Calculate c(g).
2
Let d be (-140)/(-30) - 1/(-3). Let u(t) = t**3 + 7*t - 2. Let v(n) = n**3 + n**2 + 8*n - 2. Let q = -10 - -6. Let x(k) = d*u(k) + q*v(k). What is x(4)?
10
Suppose 0 = 5*x - 0*x - 10. Let z(r) = 1 + r**2 - x*r + 2*r**2 - 2*r**2 - 3*r. Give z(6).
7
Suppose 5*c = 4*y - 8 - 2, 0 = c + 2*y - 12. Let u(s) be the second derivative of 0 - 1/6*s**3 + 2*s + 0*s**c. What is u(3)?
-3
Let g(w) = -w**3 - 2*w**2 + 5*w - 3. Suppose 4*q - 44 = -5*p, 5*p = -5*q + 2*p + 42. Suppose -q - 2 = 2*t. Determine g(t).
9
Let b(x) be the second derivative of x**5/20 + x**4/2 - 2*x**3/3 + 4*x**2 - 14*x. What is b(-7)?
-13
Let p(y) = -5 + 0*y**2 + 5*y + 1 + 2 + y**2. Calculate p(-7).
12
Let a(h) = h**2 - 7*h + 7. Suppose -3*o - 2*o + 42 = -3*f, 2*f = 4*o - 32. Let z be a(o). Let k(t) = -2*t + 4*t + 0*t. Determine k(z).
2
Let t(w) = 12*w - w - 8*w - w**2 - w**3. Determine t(-3).
9
Let a(o) = -o**3 + 2*o**2 + 2*o - 2. Let g be a(2). Let w(f) = -5*f + 0 - 5*f**g + 0*f**3 - f**3 - 2. Suppose 24*n = 32*n + 24. Give w(n).
-5
Let v(l) = -l**2 + 5. Suppose -2*w - 6*m + 2*m - 6 = 0, 5*w = 3*m - 15. Let s be 24/14*(w + 10). Let p = s - 8. What is v(p)?
-11
Let d be ((-1)/(-2))/((-2)/(-4)). Let j(z) = -14*z - 1. Give j(d).
-15
Suppose j - 10 = 2*f - 5, 25 = -5*f + 5*j. Let n(k) = f*k + 5*k**3 - k - 4*k**3 - 5. Let g = 10 - 10. What is n(g)?
-5
Let u(d) = 2*d**3 - 2 - 75*d - d**3 + 63*d + 10*d**2. Give u(-11).
9
Let a = -8 + 12. Let s = a + -2. Let r(w) = -1 + w**3 + w - 2*w**3 - s*w**2 + 0. What is r(-3)?
5
Let s(g) = g. Let b(z) = -2*z - 4. Let w(u) = -b(u) - 3*s(u). Let x = 36 - 33. Calculate w(x).
1
Let m(j) be the first derivative of j**4/4 + 2*j**3 + 3*j**2 - j + 7. What is m(-5)?
-6
Let i(x) = -x - 8. Let m(d) = -d**2 - 3*d - 2 + 5 + 3*d**2. Let f be m(2). Suppose 0 = f*n - 0*n + 30. Determine i(n).
-2
Let i(g) be the second derivative of -g**3/3 + g**2/2 - 15*g. Give i(3).
-5
Let g(m) be the third derivative of m**5/60 - 2*m**3/3 + 5*m**2. Determine g(3).
5
Let v(m) = m**3 - 4*m**2 + 2*m - 6. Let j be v(4). Let t(g) = -9*g**3 + g**3 + g**j + 12 + g**2 - 13. Suppose -2*c + 5 = 3*c. Determine t(c).
-7
Let a(v) = -v**2 - 6*v - 5. Let r be a(-4). Let g(p) = -4 + 2 - p**2 + p**r + 0*p - p + 2*p. What is g(2)?
4
Let n = 21 - 29. Let t(f) = f**3 + 7*f**2 - 10*f - 6. Calculate t(n).
10
Let l = 1 - 1. Suppose l - 2 = -i. Let g(s) = -3*s - 1063*s**3 + 1062*s**3 + 4*s. What is g(i)?
-6
Let g(r) be the third derivative of -r**6/15 + r**4/12 + r**3/6 + 7*r**2. Let i(c) = -c - 6. Let x be i(-6). Let b = x + -1. Determine g(b).
7
Let b be 14/(0 - -2)*2. Suppose b = -3*a - 4. Let l(x) = -x - 7. What is l(a)?
-1
Let s(i) = -i**3 + 5*i + 1. Let d(u) = 6*u**2 + 0*u - 2*u**2 - 3*u**2 - 5*u - 1 + u**3. Let v(w) = 3*d(w) + 2*s(w). Let h be (-7)/2 + 1/(-2). Give v(h).
3
Let v(z) be the first derivative of z**4 + 7*z**3/3 + 3*z**2 - 3*z + 43. Let g(y) = -y + 0*y**2 + y**3 - y**2 - 2*y**3. Let t(h) = 5*g(h) + v(h). What is t(3)?
-9
Let u = -89 - -94. Let f(b) be the third derivative of -b**5/60 + b**4/4 + b**3/6 - b**2. Give f(u).
6
Let o be 1/(3/2 + -1). Let q(g) = -3. Let c(d) = -d + 2. Let a(y) = o*q(y) + 3*c(y). Suppose -5*f - 10 = -5*v, 3*v + 0*v + 2*f - 1 = 0. Give a(v).
-3
Let z(j) = -3*j**3 + 11*j**2 + 3*j + 9. Let m(a) = -a**3 + 4*a**2 + a + 3. Let t(v) = -17*m(v) + 6*z(v). Give t(-3).
9
Let m(c) = 9*c**3 - c**2 + 2*c - 1. Suppose -2*t - 6 = -7*q + 3*q, t + 2 = q. What is m(q)?
9
Let r(y) = -y**2 - y - 1. Let j(a) = -4*a**2 - a - 3. Let q(l) = j(l) - 5*r(l). Give q(-3).
-1
Let f be (12/9 - 1)*-9. Let r = f + -1. Let l(d) = d**3 + 5*d**2 + 2*d + 6. Determine l(r).
14
Let q(d) = -4*d**2 + 15*d - 13. Let a(o) = -o**2 + 5*o - 4. Let x(b) = 7*a(b) - 2*q(b). Give x(-6).
4
Let w(f) be the third derivative of 0*f**4 - 2/3*f**3 + 0 + 1/12*f**5 + 1/120*f**6 + 0*f + 3*f**2. What is w(-5)?
-4
Let l(p) = 0*p**3 + 4*p**3 + 2*p**2 - 3*p**3 + 2. Let i(u) = -10*u**2 + 2*u**3 + 13*u**2 + 10*u**2 - 2 - 3*u**3. Let c be i(13). Calculate l(c).
2
Let z(s) be the third derivative of -s**4/12 - s**3/3 - 3*s**2. Suppose 4*a = -5*m + 4 - 1, -4*a = -2*m + 18. Give z(a).
4
Let y(s) be the second derivative of 0 + 1/6*s**3 - 11/12*s**4 + 0*s**2 + 3*s. Determine y(1).
-10
Let c(a) be the second derivative of -a**5/20 + a**4/4 - a**3/2 + a**2 - 8*a - 2. Let f(j) = 3*j**2 + j + 1. Let v be f(-1). Calculate c(v).
-7
Let v(g) = g**3 - 4*g**2 + 2*g + 3. Let s be v(3). Let u(k) = k + 9. Let h be u(-7). Let w(b) = -2*b**2 + 2*b**h + b - 4 + b**2. Determine w(s).
-4
Let h be (2/(-1))/(2*-1). Let y = 7 - h. Let f(u) be the first derivative of -u**2/2 + 7*u - 4. Determine f(y).
1
Let u(l) = 3*l**2 - 10*l + 1. Let t be u(5). Suppose 0 = 5*c + t - 1. Let f(d) = d**3 + 5*d**2 - 3. What is f(c)?
-3
Let a(s) = s**3 - 2*s**2 - s - 4. Let o be a(3). Let y(j) be the third derivative of 1/3*j**3 + 0*j + j**2 + 0 - 1/12*j**4 - 1/60*j**5. What is y(o)?
-6
Let u be -5*3/15*-6. Let n(l) = 2*l**2 + 6 + 0*l**3 - u*l**2 - 3*l**3 - 3*l + 4*l**3. Calculate n(4).
-6
Let o(g) = g - 1. Let s be o(-1). Let n(r) = r**2 + 2*r + 3. Give n(s).
3
Let v(z) = -z. Let f(b) = -b**3 - 4*b**2 - 5*b - 3. Let k be f(-3). Suppose -5*t + 3 = -7. Suppose k*w - t*w = -5*p - 15, 4*p - 7 = 3*w. What is v(p)?
2
Suppose 4*v = -3*n - 34, -3*v = -2*v + 4. Let h(a) = a**3 + 6*a**2 + 1. What is h(n)?
1
Let i(g) = -g + 2. Let f be i(6). Let r(c) = -8*c**3 + 12*c**2 - 11*c + 2. Let v(k) = -3*k**3 + 4*k**2 - 4*k + 1. Let o(b) = 4*r(b) - 11*v(b). Determine o(f).
-3
Let a(o) = -o - 4. Suppose 0 = 2*v + 5*y - 0*y + 17, -4*v - 26 = 2*y. Let i be (v/5)/(16/(-40)). Give a(i).
-7
Let x(y) = -y. Let u(d) = -3*d**2 - 5*d - 1. Let i(l) = u(l) - 5*x(l). Calculate i(1).
-4
Let o(z) = -12 + 5 - z**3 - 14*z + 4*z - 8*z**2. What is o(-7)?
14
Let v(z) = 3*z + 3*z**2 - 7*z + 4*z - 3*z. Determine v(2).
6
Let f(s) be the second derivative of -1/3*s**3 - 5/2*s**2 + 0 - 4*s. Give f(-4).
3
Let b(a) = -3*a**2 + 2*a. Let w = -68 + 70. What is b(w)?
-8
Let c(g) = -2*g**2 - 3*g + 3. Let k(u) = 2*u + 2. Let t be k(-2). Suppose -5*p + 28 = -7. Let w be t/7 - 19/p. What is c(w)?
-6
Let v(r) = r - 3. Let b(s) = 2*s - 6. Let c(g) = 3*b(g) - 5*v(g). Give c(4).
1
Let c(y) = -y**2 - 5*y - 1. Let p(r) = -3*r + 44. Let z be p(16). Determine c(z).
3
Suppose 0 = -l + 5*m + 17, 0 = -l - 3*l + m - 27. Let h(v) = -v**2 - 7*v + 7. Determine h(l).
-1
Let j(g) = g + 5. Let u = 3 - -2. Let y = u + -8. What is j(y)?
2
Let o(x) = -3*x - 1. Let y(h) = -h. Let k be 123/11 + 2/(-11). Let d(p) = k*y(p) - 4*o(p). Calculate d(5).
9
Let v(h) = -h**3 - h**2 + h + 3. Let k(b) = -b**2 - 4*b. Let g be k(-4). Determine v(g).
3
Let g(t) = t**2 + t + 3. Let l(n) = n**3 + 2*n**2 + 3*n + 3. Let h be l(-2). Determine g(h).
9
Let l(d) = 2*d + 2. Suppose 2*i + 0*i - 4*a = -2, -5 = 2*i - a. Let p(x) = x - 2. Let b be p(i). What is l(b)?
-8
Let i(d) = -3 - 1780*d**3 - 2*d**2 + 1781*d**3 - 2*d + 4*d. Determine i(2).
1
Let i(k) = -2*k - 5*k - 5 + 6*k. Give i(4).
-9
Let g(v) = -v**3 - 10*v**2 - v - 1. Let u be g(-10). Suppose 2*y = -2*n + 16, -n + 4 + u = 2*y. Suppose y*m = -6 - 19. Let o(w) = -w**2 - 3*w. Calculate o(m).
-10
Suppose -2*c - 4 = 2*c. Let t(x) = 12*x - 1. Give t(c).
-13
Let v(r) = r**2 - r - 1. Suppose 0 = -0*c + c - 3. Let u be c/(-6)*(2 - 0). Give v(u).
1
Let u(a) = a**3 + 13*a**2 + 12*a - 4. Let s be u(-12). Let p = 2 - 1. Let b(o) = 0 - p + o + 0*o. Calculate b(s).
-5
Let u(a) = -a**3 + 4*a**2 - 4*a + 4. Suppose -3*x = -2*x - 4. Let n be ((-4 - 8)/x)/(-1). What is u(n)?
1
Let t be (-79)/(-9) - (-10)/45. Let n(z) = z**3 + 3*z**2 - 3*z + 1. Let i(j) = -4*j**3 - 13*j**2 + 13*j - 5. Let k(a) = t*n(a) + 2*i(a). Determine k(2).
9
Let h(x) = x**2 - 2*x - 4. Suppose 4*j = -2*k + 2*j - 4, -2*k - 4*j - 14 = 0. What is h(k)?
-1
Let d(o) = 2*o + 6. Let w(h) be the third derivative of -h**4/24 - h**3/2 - 2*h**2. Let t(p) = -3*d(p) - 5*w(p). What is t(5)?
-8
Let s(f) = f + 8. Let g = -3 + 2. Let w = -1 - g. Let p be -2 + 2 - (0 - w). What is s(p)?
8
Let o(a) be the second derivative of 7*a**5/20 - a**2/2 + 32*a. Give o(-1).
-8
Suppose -z - 4 = -2*z. Let k(b) = 2*b - 5. Calculate k(z)